e of -3 - 1/2*l**2 + 0*l + 1/6*l**3 + 1/24*l**4 + 1/60*l**5. Let g(y) be the second derivative of k(y). What is g(-2)?
3
Let s(z) = -z**2 + 3*z + 5. Let w(u) = u**3 + u**2 + 5. Let n = -4 + 4. Let c be w(n). Let y be ((-8)/5)/((-2)/c). Determine s(y).
1
Let x(c) be the third derivative of c**3/6 - 2*c**2. Let j(l) = -l. Let i(z) = j(z) + 3*x(z). Let v = 25 + -20. Calculate i(v).
-2
Let h(i) be the third derivative of 1/4*i**4 + 0 - 1/3*i**3 - 1/20*i**5 - i**2 + 1/360*i**6 + 0*i. Let y(c) be the first derivative of h(c). Calculate y(5).
1
Let w(b) = 5*b. Let r(g) = 2*g + g + 8*g. Let m be ((-13)/3)/(4/(-12)). Let v(h) = m*w(h) - 6*r(h). Determine v(2).
-2
Let v(w) = -w + 3. Let a be -4 + (5 - 3)*5. What is v(a)?
-3
Let s(n) = -2*n - 7. Let j(a) = 3*a + 13. Let y(r) = -3*j(r) - 5*s(r). Suppose -3*f = -6*f. Let p(o) = o**3 - o**2 - o + 5. Let i be p(f). Calculate y(i).
1
Let z(a) = a + 2*a + 4 + 0 + a**2 - 2*a**2. Give z(3).
4
Let k(o) = o**2 - o. Let f(q) = q**3 + 11*q**2 - 2*q - 6. Let l(m) = m - 3. Let w be l(8). Let c(x) = w*k(x) - f(x). Give c(-5).
-4
Let q(o) = -6*o - 5. Let s(c) = 5*c + 4. Let k(v) = 4*q(v) + 5*s(v). Calculate k(-6).
-6
Let a(y) = y**3 - y**2. Let m(j) = 4*j**3 + 5*j**2 + j. Let x(q) = 3*a(q) + m(q). Determine x(-1).
-6
Suppose -37 = 4*f - 13. Let u(n) = n + 6. Give u(f).
0
Suppose 0 = -5*y - 2*n - 115, 2*n = -5*y - n - 120. Let j be (-4)/(-6)*y/14. Let t(g) = -10*g + 1. Give t(j).
11
Let y(a) = a. Let d = 0 - 21. Let j be (-4)/(-7) + (-9)/d. Give y(j).
1
Let l(y) = -4*y - 12*y**2 + 2*y + 1 + 8*y**2. Determine l(2).
-19
Let i be 1 + (-1)/(-2 - -1). Let n(j) = -4*j + 1 - j**i + 5*j + 1. Let h = -71 - -73. Determine n(h).
0
Let d(z) = -1 + 8*z - z**2 - 6*z + 2. What is d(3)?
-2
Let h(t) be the third derivative of t**4/24 - 8*t**3/3 - 16*t**2. Calculate h(7).
-9
Let r(o) = -o**3 + 6*o**2 - o + 4. Let h be r(6). Let m(g) = g - 1. Give m(h).
-3
Let x(c) = -c**3 - 3*c**2 - 3*c - 2. Suppose -4*u + 1 = -7. Let a be 0/2 - (-6)/u. Suppose a*b - 1 = v - 2, -3*b - 3*v = 21. What is x(b)?
0
Let s = -2 - -3. Let q(v) be the second derivative of -v**3/6 + v**2/2 - 15*v. Determine q(s).
0
Let w be (-36)/3*3/6. Let f(c) = -c**3 - 7*c**2 - 9*c - 8. Determine f(w).
10
Suppose 3*q = -5*o - q + 4, -3*o = -2*q - 20. Let f(j) = j**3 + 7*j**2 + 7*j + 8. Let l be f(-6). Let b(x) = -x**2 + l*x - x**2 + 5*x**2 - x**3. Calculate b(o).
-8
Let j(k) = k**2 - k - 3. Let u be j(-3). Let y be 4/6 - 6/u. Let w(l) = l**2. Let b(f) = 4*f**2 - f. Let c(n) = b(n) - 3*w(n). Give c(y).
0
Let q(w) = -w**2 + 13*w - 17. Suppose -1 - 59 = -5*n. Calculate q(n).
-5
Let t(i) = -i**3 - 3*i + 1 + 4*i**3 + i + i**2. What is t(1)?
3
Let f(n) = n. Let q(b) = -b**2 + b + 11. Let t(p) = p**2 - 2. Let d be t(0). Let g(c) = d*f(c) + q(c). Calculate g(0).
11
Let b(t) = t**3 + 16*t**2 + 15*t + 4. Let z be b(-15). Suppose 16 = 4*o + 2*k, 4*o + 4*k - 14 - 10 = 0. Let g(h) = 1 - 2*h + 1 + o. Determine g(z).
-4
Let x(l) be the second derivative of l**3/6 - l**2/2 + l. What is x(0)?
-1
Let a(g) = -8*g**2 - g - 2. Let h(f) = 3*f**2 + 1. Let r(c) = 4*a(c) + 11*h(c). Calculate r(2).
-1
Let m(n) = -n**2 + 7*n - 6. Suppose -3*w - 20 = -4*b, w + 10 = b + b. Suppose 3*g = k, 3*k = 2*g - w + 7. Suppose -4 = 5*i + g, 4*i + 19 = 3*t. Calculate m(t).
4
Let n(k) = 4*k + 1. Let a be (-34 - 2) + 1 + 1. Let m(q) = -23*q - 5. Let w(j) = a*n(j) - 6*m(j). Determine w(3).
2
Let s be (-2)/5*5*-2. Let t(f) = -f + s - 2 + 0. Give t(1).
1
Let i(g) = -g**2 + 6*g - 5. Let u = -110 + 116. Give i(u).
-5
Suppose -2*v = 3*h + 6, -v = h - 2 + 3. Let q(t) = t**2 + 4*t - 1. Determine q(h).
-1
Let o(l) = 2*l - 7. Let b(s) = 3*s - 7. Suppose -6 = j + 2*q, -2*j + 2*q - 6 = -0*j. Let d(x) = j*o(x) + 3*b(x). Let z = -263 - -260. Determine d(z).
4
Let z(h) = h - 1. Let y(i) = -i**2 - 3*i - 4. Let s(m) = -y(m) + z(m). Calculate s(-3).
0
Suppose 0*w = 4*w - 8. Let s(x) be the second derivative of x**4/12 + x**3/6 - x**2 - 12*x. Calculate s(w).
4
Let a(r) = r**2 - 8*r + 4. Let p be (-1)/(-4) - 27/(-4) - 0. What is a(p)?
-3
Suppose -2 = n - 5. Let d(m) = m - 4. Let z be d(4). Let j = n - z. Let q(g) = -g - 1. Calculate q(j).
-4
Let z(y) = -4*y + 2. Let m(g) = -g**3 + 2*g**2 + 4*g - 2. Let j be m(3). Let i be 80/25 + j/(-5). Give z(i).
-10
Let d(j) be the first derivative of 1/2*j**2 + 7*j - 2. Give d(-6).
1
Let w(g) = -5*g - g**2 - 4 + 0 + 0. Suppose 6*x = 2*x - 16, -4*s = -4*x - 4. Determine w(s).
2
Let k(b) = -b**2 - 3*b + 3. Let p = -4 + 0. What is k(p)?
-1
Let d(i) = i**2 - 5*i - 5. Let w be ((-4)/(-5))/(2/(-10)). Let r = 1 - w. What is d(r)?
-5
Let j = -3 + 7. Suppose -4 = 5*c - 2*r - 24, j*c = -r + 3. Let o(n) = n**2 - 2*n. Determine o(c).
0
Let j(h) = -h**3 + 9*h**2 - 7*h - 11. Let s be (-1 - 0)*(-1 + -7). Determine j(s).
-3
Let z(c) = -c - 2. Suppose 40 = -60*v + 55*v. What is z(v)?
6
Suppose 3*d + 6 = 6*d. Let h(n) = 3*n**d - 2*n**2 - 4*n + n - 4 - 1. Calculate h(4).
-1
Suppose 0 = -5*o + 3*f + 3 - 0, -3*o - 5*f = 5. Let u(p) = -5*p**2 + p**2 - p**3 + o*p**2 - p + 3. Suppose -l = 2*q, 4 - 2 = l + 3*q. Determine u(l).
7
Let q(u) be the first derivative of -u**4/4 - u**3/3 + 8*u - 26. Let j(r) = -r - 5. Let h be j(-5). Determine q(h).
8
Suppose -3*a - 28 = 2*f, -2*a - 6*f + f = 37. Let q(c) = c**2 + 9*c + 6. Give q(a).
-12
Let v(b) = 4*b - 3. Suppose -3*q - 2*q + 20 = 0. Let l(y) be the first derivative of -3*y**2/2 + 2*y - 1. Let m(s) = q*v(s) + 5*l(s). Calculate m(2).
0
Suppose -5 = -3*h + 1. Let n(f) be the second derivative of -1/3*f**3 - 1/12*f**4 - f + 3/2*f**2 + 0. Calculate n(h).
-5
Let x(i) = i**3 + i**2 + 3. Let a(p) = p**2 - 5*p + 6. Let j be a(4). Let c = 14 - j. Suppose 0 = 3*d + v - 5 + 2, 0 = 4*v - c. Determine x(d).
3
Let r(g) = -2*g**2 + 7*g + 1. Let w(i) = 3*i**2 - 8*i. Let h(t) = -4*r(t) - 3*w(t). Let m(l) = l - 3 - l**2 - 8*l + 0*l. Let o be m(-7). Determine h(o).
-1
Let n(s) = s**2 - 2*s - 1. Suppose 2*d - 5*d = -5*a - 9, -2*a + d = 4. Let z = a + 2. Determine n(z).
2
Let n(d) = d**2 - 9*d + 2. Let k(z) = 1 + 4*z - 2 - 1 + 1. Let a(s) = -9*k(s) - 4*n(s). What is a(-1)?
-3
Let r(j) = -2*j - 5. Let o(p) = -p. Let w(l) = -o(l) + r(l). Suppose 3*d = 5*g - 9, 11*g + d = 6*g - 3. Calculate w(g).
-5
Let f = 4 + -1. Let u = f + -2. Suppose 4*x + u = -3. Let w(z) = 4*z**3 + z. What is w(x)?
-5
Let o(a) be the second derivative of -a**3/3 - a**2 + a. Let c(b) be the first derivative of -3*b**2/2 - 3*b - 4. Let n(d) = -5*c(d) + 7*o(d). What is n(4)?
5
Let n(b) = 3*b**2 - b + 1. Let j(z) = -10*z**2 + 2*z - 2. Let u(a) = 2*j(a) + 7*n(a). Give u(3).
3
Let t(w) = w - 20. Let a be t(16). Let h(s) = 3*s + 5. Calculate h(a).
-7
Let p(u) be the second derivative of -u**5/20 + u**4/12 + u**3/6 - 2*u**2 - u. Let y be (-24)/42 + (2 - (-10)/(-7)). Determine p(y).
-4
Suppose 0 = -4*z - o + 29, -2*z + 0*o = -3*o + 3. Let y = z - 1. Let i(d) = d - 4. Calculate i(y).
1
Let m(h) = 4*h + 3. Let n(o) = 0 + 0 + 4*o + 3. Let t(z) = 6*m(z) - 5*n(z). Give t(-3).
-9
Let q(k) be the first derivative of k**3/3 + 7*k**2/2 - 10*k - 4. Determine q(-7).
-10
Let k(z) be the first derivative of -2*z**3/3 - 4*z**2 + 5*z - 45. Give k(-6).
-19
Let b(p) = p + 4. Let m be 2/((-6)/(-9))*-1. Let j(i) = i + 3. Let s(x) = m*j(x) + 2*b(x). Suppose 1 = 5*k + 6. Calculate s(k).
0
Suppose -2*o + 4*o = 4. Let l(x) = -4 + 4 - 2 + 7*x. Calculate l(o).
12
Let g(d) = 7*d**2 + 3*d + 7. Let b(f) be the second derivative of -f**4/2 - f**3/2 - 3*f**2 - 2*f. Let u(n) = -6*b(n) - 5*g(n). Give u(-3).
1
Let m(n) = -4 - 3*n**3 + 6*n**2 - 4*n - 2*n + 2*n**3. Suppose 2*z = 7 + 3. What is m(z)?
-9
Let h = -9 + 11. Let q(w) = -13 + 4 - 4*w**h + 10. Give q(-1).
-3
Let x(s) = 5*s + 3*s**2 - 37 + 47 - 4*s**2. Give x(7).
-4
Let x be (16/20)/(3/15). Let v(k) = 3 - 5 + 4*k - x*k**2 + 5*k**2 - 2*k. What is v(-3)?
1
Let z(u) = u**3 - 3*u + 2. Let s(o) = 2*o**3 - 7*o + 5. Let r(d) = -4*s(d) + 9*z(d). Determine r(0).
-2
Let c(b) = -b**2 + 2. Let x(m) = m**3 + 15*m**2 - 2*m - 28. Let v be x(-15). Determine c(v).
-2
Let t(d) = d**3 + d**2 - 4*d - 1. Let r be 9 + (-4)/((-2)/(-1)). Suppose 0*y = 4*j + 5*y + r, 0 = j - y + 4. Determine t(j).
-7
Let v = -8 - -20. Suppose 0 = -2*y - 2*y + v. Let t(m) = 1 - m + 3 - y. What is t(6)?
-5
Let k(l) = 2*l**3 - 3*l**2 + 2 - 4*l + l + 2*l**2.